Suppose l*i - 16 = 4. Does 2 divide i?
True
Suppose 4*f = 2*r - 32, 0*f + 2 = f. Is r a multiple of 10?
True
Suppose -2*z + 7 = -1, 0 = 3*k + 4*z - 163. Is 10 a factor of -1 + k + (-11 - -8)?
False
Let r(t) = -5*t + 1. Let j(z) = 0*z**2 - 9 - z**2 - 9*z + 2. Let u be j(-9). Does 18 divide r(u)?
True
Suppose b = 2*b. Suppose 14 = -b*h + h. Is 14 a factor of h?
True
Let u(o) = o**3 - 10*o**2 - 6*o - 48. Is 2 a factor of u(11)?
False
Does 21 divide (-4)/(-26) - (-2168)/104?
True
Suppose -5*r = 6 - 11. Let b(j) = 5*j**3 + 3 - 2 - j**2 + 0*j**3. Is b(r) a multiple of 5?
True
Let q(h) be the third derivative of -h**4/6 - 2*h**3/3 - 3*h**2. Is 4 a factor of q(-3)?
True
Suppose -3*g = 2*y - 13, -y - 4 = 3*y - 4*g. Suppose y*k = 4*k - 132. Does 24 divide k?
False
Let q be (-2)/3 + (-26)/6. Let u(z) = 2*z**2 + 6*z - 3. Does 11 divide u(q)?
False
Let t = -36 - -76. Does 20 divide t?
True
Let l be 411*((-10)/(-3))/5. Suppose 76 = -2*w + l. Let h = -59 + w. Is 20 a factor of h?
True
Suppose 4*c + c = -15. Let i be ((-14)/3 - 0)*c. Suppose i + 22 = 4*g. Is 8 a factor of g?
False
Suppose s + s = -3*x + 3, 0 = -5*x + 2*s + 5. Suppose k + x = 4. Does 5 divide k/(5 + -2) - -9?
True
Let a(g) = 5*g**2 + g - 1. Let x be a(1). Suppose 2*q + x*o - 112 = -2*q, 0 = -q + o + 28. Does 25 divide q?
False
Let j be 3/(((-3)/8)/1). Let n be (1 - -5)/(j/(-4)). Suppose -56 = -n*p + 4. Is 9 a factor of p?
False
Suppose 2*g - 16*g = -840. Does 10 divide g?
True
Let l be 18/5*20/6. Suppose -68 = -5*c + l. Is c a multiple of 13?
False
Suppose -4*d = r - 6*r + 114, 0 = 5*d - 20. Is 11 a factor of r?
False
Let h(t) = -13*t**3 - 5*t**2 - 2*t + 4. Is h(-2) a multiple of 23?
True
Suppose 87 = 4*k - 297. Is 32 a factor of k?
True
Let b = 101 + -77. Is 12 a factor of b?
True
Let a be -5 - (3 + (-1 - 1)). Is 15 a factor of a/2 - 297/(-9)?
True
Let s be (-18)/(-12)*(1 - -1). Suppose -20 = -5*q + s*q. Is q a multiple of 5?
True
Let q(l) = -22*l - 1. Is q(-1) a multiple of 3?
True
Let b = 70 + 405. Suppose -3*n = -n + 2*a - 204, -2*a - b = -5*n. Is 25 a factor of n?
False
Let n(i) = i**3 + 3*i + 2. Does 34 divide n(5)?
False
Suppose 4*o + 4 = 0, -3*o = -y - 4*o - 21. Does 15 divide (y + -2)*(2 + -3)?
False
Suppose -4*b + 2*g + 4 = 0, b + 2*g + 3 - 4 = 0. Does 9 divide 20/b + 0 + -2?
True
Let y(p) = 5*p**2 + p + 1. Is 3 a factor of y(-1)?
False
Does 26 divide -2 - ((0 - -2) + -107)?
False
Let o(t) = t**3 - 2*t**2 + 3*t + 3. Let a be o(4). Suppose 159 = 4*w - y + a, 0 = 4*w + 3*y - 112. Is w a multiple of 15?
False
Let z = 34 - 24. Let t be ((-8)/z)/(18/135). Let u = t - -17. Is 11 a factor of u?
True
Suppose 0 = -2*o + 4 + 6. Suppose q = 3*z - 2*z - 5, -o*q + 56 = 4*z. Does 2 divide z?
False
Let p = -47 + 26. Let t be (-5)/(45/p - -2). Suppose 2*l = t - 3. Does 8 divide l?
True
Let q(n) = 5 - 1 - 2 + 4*n. Is 13 a factor of q(6)?
True
Suppose o + 8*b - 4*b = 12, -4*o - b + 108 = 0. Is o a multiple of 5?
False
Suppose 0 = -2*m + 7*m - 30. Let u = 8 - m. Suppose 0 = u*a - 3*a + 31. Does 15 divide a?
False
Let g be ((-124)/(-10))/((-3)/(-15)). Suppose -3*v = 5*o + g, -v + 6*v = -o - 30. Let y = o + 16. Does 4 divide y?
False
Let c be 852/15 + (-7)/(-35). Let w be (8/2)/((-1)/9). Let t = w + c. Is 9 a factor of t?
False
Is 2/(-13) - (-1096)/26 a multiple of 7?
True
Suppose -5*g + 5 = -5. Let z be (g - -1)/((-2)/(-4)). Is 17 a factor of ((-3)/2)/(z/(-136))?
True
Is 19 a factor of 31/((-10)/5 - -3)?
False
Let i be 133/21 - 4/(-6). Let s(o) = o**3 - 8*o**2 + 7*o + 5. Let g be s(i). Suppose g*v - 2*v = 84. Is 15 a factor of v?
False
Let d(y) = 11*y**3 + 15*y**2 + 8. Let k(z) = 4*z**3 + 5*z**2 + 3. Let s(a) = 3*d(a) - 8*k(a). Is 13 a factor of s(-3)?
False
Let g = -20 - -10. Does 17 divide 255/(-6)*8/g?
True
Suppose 4*x - 5*m + 111 = 0, 5*x - 3*x - 2*m = -54. Let j = x + 34. Does 4 divide j?
False
Let v be (1/(-2))/(2/(-16)). Suppose v*d = 2*t + d - 25, 2*t = -3*d - 5. Does 17 divide 17*2 + 0/t?
True
Suppose -3*h + l = -98, -h - 18 = -2*h + 4*l. Is 4 a factor of h?
False
Let c(w) = w + 8. Let f be c(-6). Let q(y) = -y + f + 0*y + 6. Is q(0) a multiple of 3?
False
Let w(j) = 8*j**3 - 4*j**2 + 4*j - 3. Let u be w(3). Suppose 4*h + 91 = -u. Does 15 divide h/15*(-6 + 0)?
False
Suppose 0 = 5*m + r - 293, -4*m = r - 371 + 137. Is m a multiple of 3?
False
Let l = 30 + -3. Does 6 divide l?
False
Suppose -5*o = -4*o - 2. Suppose 14 = o*f - 46. Is f a multiple of 15?
True
Suppose 0 = 3*s - 78 - 42. Suppose -2*m = -4*m - s. Let k = 3 - m. Is k a multiple of 8?
False
Does 11 divide (-176)/55*(3*-17 - -1)?
False
Let i = -64 + 35. Let c = i - -50. Does 21 divide c?
True
Let x = 8 - 3. Suppose f + 2 = -4*g, -g - x = 4*g. Suppose f*o = m + 8, 9*m = -2*o + 4*m + 8. Does 4 divide o?
True
Let b(g) = -g**2 + 14*g - 2. Is 38 a factor of b(10)?
True
Let a(k) = 2*k + 4. Let y be a(6). Suppose 5*o - y - 4 = 0. Is o even?
True
Suppose -n - 1 = 0, 3*x - 6*x = 5*n - 7. Let l(v) = -2*v + 18. Let q be l(8). Suppose -q*h + 2*y + 122 = y, -x*h = -4*y - 244. Is 24 a factor of h?
False
Suppose 5*k = 4*k + 2. Suppose 0*j - k*j - 10 = 0. Let t = 2 - j. Is t a multiple of 7?
True
Let q(y) = -y**2 + 7*y + 10. Let a be q(8). Suppose s = a + 11. Does 6 divide s?
False
Suppose 5*l = -5*v + 50, -3*v = -2*v - 2*l - 19. Suppose 2*z - 35 = v. Suppose 4*o = z + 28. Is 11 a factor of o?
False
Let t be (-26)/2 - (-2)/(-1). Let s = 22 + t. Is s a multiple of 3?
False
Suppose -4*i - 2*v = -14 - 14, i = 4*v - 2. Let o = -6 + i. Suppose -2*s + 1 + 13 = o. Is 7 a factor of s?
True
Suppose r - 5 + 3 = 0. Suppose 0 = r*a - 90 - 22. Is 28 a factor of a?
True
Suppose b - 2 + 8 = u, 4 = b. Suppose 2*o = o + u. Is 10 a factor of o?
True
Let k(z) = -z + 5. Suppose 4*x - 2*x - 10 = 0. Let d be k(x). Is -25*(2/(-5) - d) a multiple of 5?
True
Suppose 4 = -a + 3*a. Let t be 0 + -22*a/(-4). Suppose 1 = n - t. Does 12 divide n?
True
Let f(w) = 2*w**2 + 3*w + 8. Is f(-6) a multiple of 30?
False
Let r(x) = 17*x**2 + 1. Let u be r(1). Let l = 30 - u. Does 7 divide 0 + l - (-4)/2?
True
Suppose -g + 20 = -6*g. Is 10 a factor of (-10)/40 + (-121)/g?
True
Let z(n) = 14*n - 1. Let p be z(3). Does 13 divide p + -3 + 0 - -1?
True
Suppose -3*i + f + 104 = 0, 7*i = 6*i - 5*f + 56. Is i a multiple of 36?
True
Suppose -6 = -p + 3. Is 3 a factor of p?
True
Suppose 0*j - 24 = -3*f - 3*j, 5*j - 10 = 5*f. Suppose -l + t + 1 + 0 = 0, -f*l + t + 3 = 0. Let y = 4 - l. Is y a multiple of 3?
True
Is 23 + (-8)/(8/(-3)) a multiple of 8?
False
Let c = 27 - 11. Let a = c + 9. Does 5 divide a?
True
Is 16/(-4) - (-3 - 80) a multiple of 38?
False
Suppose 3*t - 36 = -3. Does 11 divide t?
True
Let g(i) = -i - 2. Let f be ((-4)/6)/(1/6). Does 2 divide g(f)?
True
Suppose p = -2*p + g + 254, -p + 90 = g. Suppose 0 = -3*o - 4*t + p, 8*t = 3*o + 3*t - 95. Is 6 a factor of o?
True
Let n = 3 + -3. Is -4*((-31)/4 - n) a multiple of 11?
False
Let c = -91 + 134. Let r = -26 + c. Is r a multiple of 17?
True
Let y be 5/3 + 2/6. Suppose -4*m + 4*v + 28 = 0, -v + 35 = 5*m - y*v. Is 7 a factor of m?
True
Let f = -13 + 18. Suppose -f*c = -0*c - 425. Is 36 a factor of c?
False
Let w = -8 - -12. Suppose 2*l + w*k + 2 = -0*l, -2*k = 3*l + 7. Is 7 a factor of 2*l/(-2) - -15?
False
Let o(j) = -93*j - 6. Does 37 divide o(-3)?
False
Let a(t) = -t**2 + 6*t - 3. Let d be ((-2)/(-4))/(1/4). Suppose n - 12 = -d*n. Does 5 divide a(n)?
True
Let u = 3 + -2. Suppose u = -l + 10. Does 5 divide l?
False
Let o = 16 - 16. Does 12 divide (1 + o)*(33 - -3)?
True
Suppose -j = -3*m + 117, -2*j = m + 2*m - 126. Suppose -m = -4*y + 48. Let w = 58 - y. Is w a multiple of 12?
True
Suppose -2*a = 4*q + 2*a - 4, -23 = -2*q + 5*a. Let i(k) = 9*k - 3. Let h be i(-3). Is (6/(-9))/(q/h) a multiple of 3?
False
Let s be 2/(-7) + 52/(-14). Let b be ((-174)/s)/((-9)/(-12)). Suppose -3*v - 1 = -b. Is 16 a factor of v?
False
Suppose 4 = j - 2*n - 6, -5*n - 35 = -3*j. Let o = j + -11. Is o a multiple of 9?
True
Is (10/4)/(2/4) a multiple of 5?
True
Let g be (-50)/18 - 4/18. Does 14 divide 6*(g/(-9) + 2)?
True
Let f(r) = 3*r**2 - 9 + r - 3 - 2 + 2. Let j(q) = 7*q**2 + q - 25. Let y(a) = 5*f(a) - 2*j(a). Is 12 a factor of y(-8)?
False
Let d(m) = -m**2 - 8*m + 7. Does 5 divide d(-8)?
False
Let h(r) = r**3 + 9*r**2 - 26*r - 10. Does 7 divide h(-11)?
